ite number?
True
Is 11760143 prime?
True
Is 227501 a composite number?
False
Is 2031671 composite?
False
Is 404100071 a prime number?
True
Is 115567066 a composite number?
True
Is 2854877 composite?
True
Is 126606107 a prime number?
False
Is 148897817 a prime number?
True
Is 28831681 a composite number?
False
Is 1535167 a composite number?
True
Is 3231583 a prime number?
True
Is 12613753 a composite number?
True
Is 1261373 prime?
True
Is 2232397 a composite number?
True
Is 295057843 prime?
True
Is 21401671 a composite number?
True
Is 401882098 a composite number?
True
Is 770351 composite?
True
Is 581572681 prime?
True
Is 3191117 prime?
True
Is 9671383 a prime number?
False
Is 3553537 a prime number?
False
Is 293132911 a composite number?
False
Is 311649571 prime?
False
Is 346343 a prime number?
False
Is 1387499 prime?
True
Is 4064357 prime?
False
Is 5079817 a prime number?
True
Is 55347431 prime?
False
Is 37895029 a prime number?
False
Is 5347729 composite?
False
Is 3491689 composite?
False
Is 26845327 a prime number?
True
Is 1097483 a prime number?
True
Is 8293073 prime?
True
Is 57546533 a composite number?
True
Is 83616437 a prime number?
False
Is 1697263 a composite number?
True
Is 31251049 prime?
False
Is 222399031 a composite number?
False
Is 18842581 a prime number?
False
Is 9053657 a prime number?
False
Is 25796923 a prime number?
True
Is 7280191 prime?
False
Is 1087679 composite?
False
Is 799091 composite?
False
Is 5799831 prime?
False
Is 258567101 prime?
False
Is 14710939 composite?
False
Is 4262743 prime?
True
Is 15024637 prime?
True
Is 1003387417 prime?
True
Is 57561661 a composite number?
False
Is 164060903 composite?
True
Is 33436489 a prime number?
True
Is 4753117 composite?
True
Is 23342213 composite?
False
Is 41756297 a prime number?
False
Is 24667793 a composite number?
False
Is 10726719 a composite number?
True
Is 21655469 prime?
False
Is 47158291 a composite number?
False
Is 4200373 a composite number?
True
Is 18008339 composite?
False
Is 18687797 a prime number?
True
Is 1610897 composite?
True
Is 5789599 composite?
False
Is 308911853 prime?
False
Is 57740059 a composite number?
True
Is 8165935 prime?
False
Is 21599977 prime?
False
Is 12331387 composite?
False
Is 2633819 composite?
True
Is 10350019 prime?
True
Is 34299943 prime?
False
Is 31143319 a composite number?
True
Is 1942561 a composite number?
True
Is 161703033 a composite number?
True
Is 6112069 composite?
True
Is 3876913 a prime number?
True
Is 14324019 prime?
False
Is 15286351 composite?
True
Is 177014213 composite?
False
Is 10502837 a prime number?
False
Is 16316171 a composite number?
False
Is 164896423 prime?
True
Is 860239 composite?
False
Is 17073439 composite?
True
Is 236612203 prime?
False
Is 1884947 a prime number?
True
Is 48099979 a composite number?
False
Is 831206 a composite number?
True
Is 1794541 a composite number?
True
Is 21647173 prime?
True
Is 12306331 a prime number?
True
Is 315671 composite?
False
Is 2626451 a composite number?
False
Is 6877109 prime?
True
Is 1017717 prime?
False
Is 117157093 composite?
False
Is 2166007 composite?
False
Is 1782151 a composite number?
True
Is 2214091 a prime number?
False
Is 197965477 a composite number?
True
Is 608489 a prime number?
False
Is 53731529 a prime number?
True
Is 332814379 prime?
False
Is 62908117 a composite number?
True
Is 8771207 prime?
True
Is 17623457 prime?
True
Is 9986167 composite?
True
Is 14994905 composite?
True
Is 123664523 composite?
False
Is 40157339 a prime number?
True
Is 10145023 composite?
True
Is 80102849 a composite number?
False
Is 7651529 a prime number?
True
Is 10590109 prime?
True
Is 63741737 a prime number?
True
Is 729088757 composite?
True
Is 5391559 composite?
False
Is 7959491 a composite number?
False
Is 33144715 a prime number?
False
Is 27615617 composite?
True
Is 684821 prime?
False
Is 3061393 prime?
False
Is 62784847 prime?
True
Is 24725489 a prime number?
False
Is 2943673 prime?
False
Is 13324349 a composite number?
True
Is 126476959 prime?
False
Is 1164689 a prime number?
True
Is 49378073 a prime number?
True
Is 26956519 composite?
False
Is 99106921 a prime number?
False
Is 13019806 prime?
False
Is 131167 a prime number?
False
Is 150809 composite?
True
Is 3113387 composite?
False
Is 81280703 a composite number?
True
Is 137766439 prime?
True
Is 1357969 a composite number?
False
Is 9998273 a composite number?
False
Is 1427579 composite?
True
Is 64812547 a prime number?
False
Is 27704099 a prime number?
False
Is 25170677 composite?
True
Is 35442463 a composite number?
True
Is 21872521 a composite number?
True
Is 172428767 composite?
True
Is 1694393 a prime number?
True
Is 4351483 composite?
False
Is 3088874 composite?
True
Is 9484361 prime?
True
Is 3162229 a composite number?
True
Is 104575703 a composite number?
True
Is 117505637 prime?
True
Is 559541 composite?
False
Is 442050443 prime?
True
Is 71446877 composite?
True
Is 66631277 a composite number?
False
Is 19902517 composite?
False
Is 157806193 composite?
False
Is 159959003 composite?
False
Is 2030081 a prime number?
True
Is 10775267 prime?
False
Is 6896947 a composite number?
False
Is 7467319 a composite number?
True
Is 10130131 a prime number?
False
Is 368240101 a prime number?
True
Is 561246469 a composite number?
True
Is 2912345 prime?
False
Is 28221679 a composite number?
True
Is 18699587 prime?
True
Is 151292653 a prime number?
True
Is 104141629 composite?
True
Is 6640827 prime?
False
Is 57196003 a composite number?
True
Is 1930294 a composite number?
True
Is 34086251 prime?
False
Is 17581535 prime?
False
Is 55504817 a composite number?
True
Is 1542161 prime?
False
Is 2661179 composite?
True
Is 203682571 composite?
False
Is 699931 a prime number?
True
Is 46028861 composite?
False
Is 14645147 prime?
False
Is 535273 prime?
True
Is 2628281 a composite number?
True
Is 7965179 composite?
True
Is 2488799 composite?
False
Is 4283573 a prime number?
False
Is 1035607 a composite number?
False
Is 235406947 a prime number?
False
Is 218783 composite?
False
Is 10566007 a prime number?
False
Is 6632231 composite?
False
Is 2360509 a prime number?
True
Is 5103029 a prime number?
True
Is 2086657 prime?
True
Is 62851153 a composite number?
True
Is 40057837 a composite number?
False
Is 122377 composite?
True
Is 35895803 prime?
False
Is 2454245 prime?
False
Is 843615007 composite?
True
Is 28668881 a composite number?
True
Is 384979759 a prime number?
True
Is 2037029 composite?
False
Is 641369 composite?
True
Is 18075377 a prime number?
True
Is 4063841 composite?
False
Is 15806047 a prime number?
False
Is 18864907 a prime number?
False
Is 193937 a composite number?
False
Is 70488479 prime?
True
Is 1241337 composite?
True
Is 2547529 a prime number?
True
Is 153963847 composite?
True
Is 1969381 a composite number?
False
Is 38298601 a prime number?
False
Is 644029 a composite number?
False
Is 800729419 a prime number?
False
Is 3932533 a prime number?
False
Is 1546693 a composite number?
True
Is 34548643 a prime number?
False
Is 11506877 a composite number?
True
Is 533111 composite?
False
Is 46179059 prime?
False
Is 16733191 a composite number?
False
Is 5676271 a composite number?
False
Is 21971018 a composite number?
True
Is 29153557 prime?
True
Is 396342619 composite?
False
Is 94774699 composite?
True
Is 76176167 a composite number?
True
Is 10533361 prime?
False
Is 44587807 a composite number?
True
Is 125444791 a composite number?
True
Is 692664859 composite?
False
Is 77483717 a composite number?
False
Is 728369 prime?
True
Is 7303651 composite?
False
Is 4330987 prime?
True
Is 3286643 prime?
True
Is 117192899 composite?
False
Is 1944929 a prime number?
False
Is 18135499 prime?
True
Is 147921463 a composite number?
True
Is 406383767 prime?
True
Is 802799 a composite number?
False
Is 23475638 a prime number?
False
Is 68016829 composite?
False
Is 30797297 a composite number?
False
Is 63329627 a composite number?
False
Is 191444917 composite?
True
Is 48221111 composite?
False
Is 9143327 a composite number?
False
Is 6987389 a prime number?
False
Is 176600783 a composite number?
False
Is 123662569 prime?
True
Is 74731703 a composite number?
False
Is 384043279 composite?
False
Is 13156597 a composite number?
False
Is 21614491 prime?
Tr